a?
2
Let b be ((-4)/14)/((-11)/77). Let g(n) = 2*n - 2. What is the units digit of g(b)?
2
What is the units digit of (-3)/4 + (-2)/(24/(-249))?
0
Let d be 114/(-24) + 1/(-4). What is the units digit of 25/(-10)*6/d?
3
Let n be (0 - (-4)/12)*3. Let v = 0 + n. What is the units digit of v?
1
Suppose -4*r = 3*d - 4*d + 190, 196 = -4*r + 4*d. What is the units digit of 18/6 - r/1?
0
Let n(i) = -4*i**3 - i - 3. Let f be n(-3). Let d = -69 + f. Let b = -27 + d. What is the tens digit of b?
1
Let z(j) = -3*j. Let d be z(4). Let h = 18 + d. What is the units digit of h?
6
Let n = 5 + 30. What is the tens digit of n?
3
Suppose r = 4*h + 130, 2*h - 6*r + 56 = -r. Let l = -13 - h. What is the units digit of l?
0
Suppose 0 = 4*d - 6 - 2. Suppose -4*h = 4*z - 28, 0 = d*h - 2*z + 5*z - 16. Suppose 19 = -h*f + 79. What is the tens digit of f?
1
Let z be (-1)/5 + (-123)/(-15). Suppose 3*l + 4*n - 15 = 0, 2*l + 0*l = -2*n + z. What is the units digit of l?
1
Let y(o) be the first derivative of -2*o - 1/2*o**2 + 2. What is the units digit of y(-7)?
5
Let y = 7 + 20. What is the tens digit of (12/9)/(2/y)?
1
Let n(v) = v**3 + 5*v**2 + 3*v - 4. Let w be n(-3). Suppose 0 = 3*x + 5*k - 142 - 31, 0 = w*x + 5*k - 275. Suppose -m - x = -4*m. What is the tens digit of m?
1
Let x = -38 - -63. Let k = -13 + x. What is the tens digit of k?
1
Suppose -4 = -5*g + 21. Suppose 2*o - g*s - 35 = 0, -3*s = -5*s - 10. What is the units digit of o?
5
Suppose 5*j + 18 = 3. What is the units digit of ((-24)/36)/(2/j)?
1
Suppose 21 + 71 = 2*q. What is the tens digit of q?
4
Let m be 2 - -1 - -18 - -2. Let o = 32 - m. What is the units digit of o?
9
Let l(g) = -2*g**2 - 13*g - 2. Let w be l(-6). Suppose -c = w*c - 90. What is the units digit of c?
8
Suppose -t + 13 = 9. What is the units digit of (-80)/(-24) - t/(-6)?
4
Let j be 20/6 - 8/24. Suppose 2*s - j*f + 11 = 58, s + f - 16 = 0. What is the tens digit of s?
1
Let z = 438 - 238. What is the hundreds digit of z?
2
Suppose 0 = -2*m - 7*o + 3*o, -2*m + 5*o = -18. Suppose x - 5 = -m*x. What is the units digit of x?
1
Suppose -2*m = 2*m - 2*h - 366, 0 = -3*m - 5*h + 268. What is the tens digit of m?
9
Let t be (-1)/4 + 17/4. Let k(c) = 5*c + t*c**3 - 3*c**3 + 7*c**2 - 2 + 0. What is the units digit of k(-6)?
4
Let r(q) = q**3 + 10*q**2 - 11*q + 7. Let v be r(-11). Let a be 2256/56 + (-2)/v. Let d = 57 - a. What is the tens digit of d?
1
Suppose 2*z - 10 = 4*s - 0*z, 2*s = 5*z - 25. Let v = s - 2. What is the units digit of 1/v - 42/(-12)?
3
Suppose 2*j - 4 = 4*j. Let p(x) = -x**2 - 3*x - 1. Let q be p(j). What is the tens digit of (5/(-10))/(q/(-20))?
1
Let i(d) = 2 - 3 + d - 2 + 5. What is the units digit of i(2)?
4
Suppose -3 = -5*d + 7. Suppose 2*v = -4*f + 214, 3*v = -d*f - 0*v + 101. What is the units digit of f?
5
Let s(n) = 2*n**2 - 2*n - 1. Let b be s(-1). Let g be (-3)/(b + 0) - -1. Let x(o) = o**3 - o**2 + o + 14. What is the tens digit of x(g)?
1
Let l = 14 + -24. Let z = -8 - l. Suppose 0 = 3*q - 2*i + 3, -i - 3 = -4*q - z. What is the units digit of q?
1
Suppose 10 = -5*a + 40. Suppose 0 = 3*g - a*g + 21. What is the units digit of g?
7
What is the units digit of (21/(-6))/((-2)/28)?
9
Suppose -5*i - 4*i = -243. What is the units digit of i?
7
Let s = -6 + 8. Suppose -4*k + s*k + 40 = 0. What is the units digit of k?
0
Let k(a) = 4*a**3 + 5*a**2 + 2*a + 3. Let r(s) = 5*s**3 + 5*s**2 + 3*s + 4. Let u(p) = 4*k(p) - 3*r(p). What is the units digit of u(-5)?
5
Let b(f) = -3 + 0*f**3 + 5*f**2 + 4*f - 3 - f**3. Let d = -109 - -114. What is the tens digit of b(d)?
1
Let g(m) = -9*m - 4. What is the units digit of g(-6)?
0
Let h(x) = -4*x - 5. What is the units digit of h(-7)?
3
Let v(s) = s**2 + 6*s + 6. Let a(l) = l**3 + 11*l**2 + 11*l + 3. Let x be a(-10). What is the tens digit of v(x)?
1
Suppose -3*g = -170 + 65. What is the units digit of g?
5
Let j be 10/2 - (5 + -3). Let t = 0 + j. Suppose -t*q + 20 = q. What is the units digit of q?
5
Suppose -6*v + 342 = -0*v. What is the units digit of v?
7
Suppose 8*v - 3*v + 235 = 0. Let o = -30 - v. What is the units digit of o?
7
Let u be 1/3 + (-768)/(-18). Suppose -5*l + u = 3*m, 0*m + 3*m = l + 13. Suppose -4*b + 4*x - x = -8, 3*b + 3*x = m. What is the units digit of b?
2
Let z(g) = -2*g**3 - 2*g**2 - 3. Suppose -13 + 19 = -2*v. What is the units digit of z(v)?
3
Let p = -14 - -120. What is the units digit of p?
6
Suppose 442 = g + 3*g - 2*u, -2*g + 4*u = -236. What is the hundreds digit of g?
1
Suppose 0 = -8*h + 4*h + 444. What is the tens digit of h?
1
Let i = -215 - -455. What is the tens digit of i?
4
Let k = 64 - -8. What is the tens digit of k?
7
Suppose -z = 4 - 5, -3*j = -2*z - 76. Let h = j + 1. What is the units digit of h?
7
Let z(w) = w**2 + 3*w - 5. Suppose -2*d - 18 = d. Let m be (d/5)/((-3)/(-15)). What is the units digit of z(m)?
3
Let z(r) = -r - 4. Let g be z(-6). Suppose 0 = -0*c - g*c - 20. Let p(v) = -v**2 - 11*v - 1. What is the units digit of p(c)?
9
Let x(w) = -w - 4. Let a be x(-3). Let q(v) = v + 1. Let h be q(a). Suppose h = -5*u + 21 + 14. What is the units digit of u?
7
Let b(k) = -3*k - 14. What is the units digit of b(-6)?
4
Suppose 7*g - 25*g = -396. What is the units digit of g?
2
Let p be (-3)/2*(-8)/3. Suppose 5*t = 2*l + 78, 2*l - 18 = -2*t + 16. Suppose 2 = 2*c, -2*q + p*c = -5*q + t. What is the units digit of q?
4
Let q = -3 + 9. What is the units digit of (-3)/(((-8)/q)/4)?
9
Suppose -5*y + 2*y - f - 7 = 0, -2*f = -4. Suppose 2*r + 0*u - u = -44, r - u + 24 = 0. What is the tens digit of (r - y)*3/(-3)?
1
Suppose 0*x = -4*n + 2*x + 650, -4*x = 3*n - 460. What is the hundreds digit of n?
1
Let b = 11 + -26. Suppose -g = 2*g - 66. Let d = g + b. What is the units digit of d?
7
Let g(c) = -c**3 - 7*c**2 - 3*c + 4. Let o be g(-7). Suppose 5*z + o = 5*u - 50, u - 5 = -4*z. What is the units digit of u?
3
Suppose -3*f - r = 4*r - 28, 2*f + 3*r = 20. What is the tens digit of f?
1
Suppose -5*u + 36 = -209. Suppose -m + 3 = -0. Suppose a = -m*a + 2*v + 56, 0 = -3*a + 5*v + u. What is the units digit of a?
3
Suppose 3*o - 59 - 67 = 0. What is the units digit of o?
2
Let m = 177 - 102. What is the tens digit of m?
7
Let i = -4 + 5. Let b be i/((-33)/18 - -2). What is the units digit of 18/4*8/b?
6
Let z = 9 - 5. Suppose 13 = z*h - 7. What is the units digit of h?
5
Suppose -4*u = 4 - 8. Let p(q) = 16*q + 1. What is the tens digit of p(u)?
1
Suppose -2*s = 2*r - 58, -4*r + 104 = -4*s + 2*s. Let w be 97/9 + 6/r. Let n = 21 - w. What is the units digit of n?
0
Let a be ((-10)/1 - -1) + 0. Let q = a - -12. Suppose c = -q*m + 34, 5*m - 12 = -c + 32. What is the units digit of c?
9
Suppose 7*o + 16 = 9*o. Suppose -o = -2*a + 22. What is the units digit of a?
5
Suppose 3*f = -2*o + 168, -f + 5*f = 4*o - 316. What is the units digit of o?
1
Suppose 3*x = 19 + 2. What is the units digit of x?
7
Suppose 0 = -5*j + 39 + 26. What is the tens digit of j?
1
What is the units digit of (-2)/4 + (-284)/(-8)?
5
What is the tens digit of -35*(360/35)/(-6)?
6
Let g = -47 - -120. What is the units digit of g?
3
Suppose 0*p = 2*p - 6. Let l(h) = h**3 - 2*h**2 - 3. What is the units digit of l(p)?
6
Suppose 4*i = -3*y - 27, -31 = 5*i + 2*y - y. Let o(m) = -2*m + 3*m - 2*m + 0*m - 3. What is the units digit of o(i)?
3
Let a = -58 + 102. What is the units digit of a?
4
Let z = 1 + 3. Suppose -z - 16 = -p. Let x = p - 10. What is the units digit of x?
0
Let p(i) be the first derivative of -i**4/4 - 4*i**3/3 - i**2 + 5*i + 4. What is the tens digit of p(-4)?
1
Suppose 2*h + 2 = 2*b - 2, -4*b + 3 = h. Let x = 5 - b. What is the units digit of x?
4
Let f be ((-9)/(-6))/(-3)*-6. Let n(b) = b**3 - 2*b**2 - b - 3. What is the units digit of n(f)?
3
Let m(t) = -t**3 - 5*t**2 + 2*t + 2. Let p be m(-5). Let h = -5 - p. Suppose -2*v = -h*v + 7. What is the units digit of v?
7
Let s(x) = -18*x + 18*x + 1 + 25*x**2. What is the units digit of s(1)?
6
Let t be -1 + 0 + 14 + 2. Suppose u = 4, j + t = 5*u - 0*u. What is the units digit of (j + -1)*2/2?
4
Let u = -132 - -237. What is the hundreds digit of u?
1
What is the units digit of (5 - 3)*514/4?
7
Let j = -9 - -18. What is the units digit of j?
9
Suppose 3*w = 398 + 145. What is the tens digit of w?
8
Let m(b) = -2*b - 8. Let